inder when 225 is divided by 6?
3
Calculate the remainder when 677 is divided by 199.
80
What is the remainder when 251 is divided by 11?
9
Calculate the remainder when 5455 is divided by 107.
105
Calculate the remainder when 5546 is divided by 5.
1
What is the remainder when 173 is divided by 25?
23
Calculate the remainder when 373 is divided by 23.
5
What is the remainder when 2375 is divided by 170?
165
What is the remainder when 55 is divided by 24?
7
Calculate the remainder when 234 is divided by 22.
14
What is the remainder when 112 is divided by 21?
7
What is the remainder when 11742 is divided by 405?
402
Calculate the remainder when 7743 is divided by 16.
15
What is the remainder when 952 is divided by 11?
6
Calculate the remainder when 1019 is divided by 51.
50
What is the remainder when 146 is divided by 7?
6
Calculate the remainder when 259 is divided by 80.
19
What is the remainder when 2017 is divided by 2014?
3
Calculate the remainder when 39 is divided by 2.
1
What is the remainder when 237 is divided by 12?
9
What is the remainder when 796 is divided by 21?
19
What is the remainder when 351 is divided by 127?
97
Calculate the remainder when 125 is divided by 64.
61
What is the remainder when 2038 is divided by 1019?
0
Calculate the remainder when 16 is divided by 10.
6
What is the remainder when 279 is divided by 4?
3
What is the remainder when 581 is divided by 39?
35
Calculate the remainder when 58 is divided by 24.
10
Calculate the remainder when 537 is divided by 108.
105
What is the remainder when 83 is divided by 35?
13
What is the remainder when 211 is divided by 39?
16
Calculate the remainder when 516 is divided by 37.
35
What is the remainder when 870 is divided by 9?
6
What is the remainder when 605 is divided by 55?
0
Calculate the remainder when 6 is divided by 6.
0
What is the remainder when 1874 is divided by 125?
124
Calculate the remainder when 1886 is divided by 90.
86
What is the remainder when 8404 is divided by 109?
11
Calculate the remainder when 611 is divided by 321.
290
What is the remainder when 95 is divided by 20?
15
Calculate the remainder when 757 is divided by 15.
7
Calculate the remainder when 1663 is divided by 216.
151
Calculate the remainder when 5679 is divided by 196.
191
What is the remainder when 178 is divided by 36?
34
What is the remainder when 571 is divided by 96?
91
What is the remainder when 194 is divided by 20?
14
What is the remainder when 14442 is divided by 15?
12
Calculate the remainder when 1799 is divided by 5.
4
What is the remainder when 505 is divided by 7?
1
Calculate the remainder when 2719 is divided by 142.
21
Calculate the remainder when 245 is divided by 101.
43
Calculate the remainder when 52 is divided by 25.
2
Calculate the remainder when 186 is divided by 8.
2
What is the remainder when 296 is divided by 39?
23
What is the remainder when 1982 is divided by 153?
146
What is the remainder when 826 is divided by 20?
6
Calculate the remainder when 3262 is divided by 17.
15
Calculate the remainder when 1568 is divided by 129.
20
What is the remainder when 63 is divided by 26?
11
What is the remainder when 727 is divided by 91?
90
What is the remainder when 112 is divided by 9?
4
Calculate the remainder when 116 is divided by 40.
36
Calculate the remainder when 4411 is divided by 23.
18
What is the remainder when 11 is divided by 8?
3
What is the remainder when 331 is divided by 4?
3
Calculate the remainder when 2805 is divided by 78.
75
What is the remainder when 437 is divided by 8?
5
Calculate the remainder when 390 is divided by 9.
3
Calculate the remainder when 2644 is divided by 98.
96
Calculate the remainder when 2628 is divided by 42.
24
What is the remainder when 214 is divided by 45?
34
Calculate the remainder when 167 is divided by 16.
7
Calculate the remainder when 165 is divided by 23.
4
Calculate the remainder when 243 is divided by 61.
60
What is the remainder when 408 is divided by 83?
76
Calculate the remainder when 1098 is divided by 24.
18
What is the remainder when 221 is divided by 37?
36
Calculate the remainder when 30502 is divided by 186.
184
What is the remainder when 24649 is divided by 297?
295
What is the remainder when 290 is divided by 81?
47
What is the remainder when 568 is divided by 22?
18
What is the remainder when 316 is divided by 36?
28
What is the remainder when 282 is divided by 43?
24
Calculate the remainder when 2874 is divided by 954.
12
What is the remainder when 215 is divided by 25?
15
Calculate the remainder when 1984 is divided by 71.
67
Calculate the remainder when 5424 is divided by 59.
55
Calculate the remainder when 139 is divided by 57.
25
What is the remainder when 1249 is divided by 22?
17
What is the remainder when 260 is divided by 19?
13
Calculate the remainder when 91 is divided by 4.
3
Calculate the remainder when 858 is divided by 4.
2
Calculate the remainder when 430 is divided by 208.
14
Calculate the remainder when 558 is divided by 51.
48
What is the remainder when 295 is divided by 20?
15
Calculate the remainder when 407 is divided by 41.
38
What is the remainder when 89 is divided by 12?
5
What is the remainder when 1322 is divided by 21?
20
What is the remainder when 114 is divided by 31?
21
What is the remainder when 1035 is divided by 204?
15
What is the remainder when 385 is divided by 78?
73
What is the remainder when 27 is divided by 11?
5
Calculate the remainder when 5155 is divided by 67.
63
What is the remainder when 6581 is divided by 227?
225
What is the remainder when 1748 is divided by 1731?
17
Calculate the remainder when 367 is divided by 47.
38
What is the remainder when 180 is divided by 6?
0
What is the remainder when 860 is divided by 183?
128
What is the remainder when 4749 is divided by 3?
0
Calculate the remainder when 182 is divided by 92.
90
Calculate the remainder when 134 is divided by 34.
32
Calculate the remainder when 206 is divided by 26.
24
What is the remainder when 730 is divided by 142?
20
Calculate the remainder when 6234 is divided by 215.
214
Calculate the remainder when 76 is divided by 36.
4
What is the remainder when 3251 is divided by 148?
143
Calculate the remainder when 2348 is divided by 35.
3
Calculate the remainder when 47 is divided by 13.
8
Calculate the remainder when 104 is divided by 23.
12
What is the remainder when 10761 is divided by 448?
9
Calculate the remainder when 45060 is divided by 27.
24
What is the remainder when 13558 is divided by 26?
12
Calculate the remainder when 1797 is divided by 18.
15
What is the remainder when 162 is divided by 21?
15
Calculate the remainder when 1201 is divided by 7.
4
What is the remainder when 178 is divided by 87?
4
Calculate the remainder when 776 is divided by 153.
11
What is the remainder when 543 is divided by 68?
67
What is the remainder when 458 is divided by 43?
28
What is the remainder when 154 is divided by 21?
7
Calculate the remainder when 3126 is divided by 57.
48
Calculate the remainder when 519 is divided by 35.
29
Calculate the remainder when 393 is divided by 58.
45
What is the remainder when 6 is divided by 3?
0
Calculate the remainder when 692 is divided by 328.
36
What is the remainder when 4976 is divided by 73?
12
What is the remainder when 1282 is divided by 118?
102
Calculate the remainder when 385 is divided by 129.
127
What is the remainder when 79 is divided by 12?
7
What is the remainder when 1003 is divided by 320?
43
What is the remainder when 90 is divided by 28?
6
What is the remainder when 760 is divided by 151?
5
What is the remainder when 758 is divided by 76?
74
Calculate the remainder when 492 is divided by 126.
114
What is the remainder when 5548 is divided by 51?
40
What is the remainder when 104 is divided by 7?
6
What is the remainder when 598 is divided by 26?
0
Calculate the remainder when 8169 is divided by 12.
9
Calculate the remainder when 472 is divided by 138.
58
What is the remainder when 219 is divided by 50?
19
What is the remainder when 4223 is divided by 22?
21
What is the remainder when 4066 is divided by 673?
28
Calculate the remainder when 235 is divided by 143.
92
Calculate the remainder when 56 is divided by 31.
25
Calculate the remainder when 143 i